 factor of 809 and 19114243?
809
Calculate the greatest common factor of 436129 and 74273.
257
Calculate the highest common factor of 443364 and 17652.
12
Calculate the greatest common divisor of 1148574 and 86478.
1218
Calculate the highest common factor of 1 and 2492107.
1
Calculate the greatest common divisor of 173075 and 27600.
575
What is the greatest common divisor of 1625 and 448955?
65
Calculate the highest common factor of 534 and 1482846.
6
What is the highest common divisor of 1273539945 and 339?
339
What is the greatest common divisor of 1861371 and 18?
9
What is the greatest common factor of 502030619 and 508?
127
Calculate the highest common divisor of 11750322 and 3078.
114
Calculate the highest common divisor of 13012480 and 15232.
2176
Calculate the highest common factor of 2451260 and 385.
35
Calculate the highest common factor of 820870 and 10235.
115
Calculate the greatest common factor of 1824 and 58272.
96
What is the greatest common factor of 540581460 and 5829?
5829
Calculate the greatest common divisor of 156606 and 648.
6
What is the greatest common divisor of 5966 and 400978?
314
Calculate the highest common divisor of 81079 and 329389.
89
Calculate the greatest common factor of 1462 and 2689774.
34
What is the greatest common factor of 1056 and 3503736?
24
What is the highest common divisor of 4578 and 1031794?
218
What is the highest common factor of 747207 and 63?
9
What is the highest common divisor of 66 and 21170?
2
Calculate the greatest common factor of 658416 and 357072.
2064
What is the highest common factor of 2231788 and 6680?
668
Calculate the greatest common factor of 30149 and 1060325.
511
Calculate the greatest common factor of 12639 and 12289321.
4213
Calculate the greatest common divisor of 9515 and 205948369.
1903
What is the greatest common divisor of 29072 and 3592?
8
Calculate the highest common divisor of 76295014 and 26486.
1394
Calculate the greatest common factor of 3642920844 and 10887.
10887
What is the highest common divisor of 563736 and 6226?
566
What is the highest common factor of 4847375 and 112125?
1625
Calculate the greatest common factor of 4864876 and 25648.
916
What is the greatest common divisor of 181244115 and 234?
117
What is the highest common factor of 21956494 and 434?
434
Calculate the highest common factor of 8448678 and 42966.
3906
What is the highest common divisor of 24 and 827281704?
24
Calculate the highest common factor of 3386974 and 3067746.
1754
Calculate the greatest common factor of 58330750 and 4500.
250
What is the highest common factor of 2221805 and 5778755?
5155
Calculate the highest common factor of 14168097 and 11376.
711
Calculate the highest common factor of 168635186 and 2.
2
What is the greatest common factor of 15917192 and 536?
8
What is the highest common divisor of 554200 and 7498?
326
What is the highest common factor of 86095 and 2205640?
335
What is the greatest common divisor of 637824 and 11712?
192
Calculate the greatest common divisor of 34 and 3872005.
17
Calculate the greatest common divisor of 955 and 8574563.
191
Calculate the greatest common factor of 1432950 and 2035650.
6150
What is the highest common divisor of 91365449 and 98?
49
Calculate the greatest common divisor of 16362969 and 18.
3
Calculate the greatest common factor of 13440 and 413520.
240
Calculate the highest common divisor of 5040 and 8650040.
280
Calculate the highest common divisor of 1690 and 234310.
10
What is the highest common factor of 84 and 980016?
12
What is the highest common factor of 1496 and 453794?
22
Calculate the greatest common divisor of 13983590 and 1384.
346
Calculate the greatest common divisor of 49752 and 22176.
72
What is the greatest common divisor of 764544 and 4125?
33
Calculate the highest common divisor of 3699 and 28514358.
1233
What is the greatest common factor of 200 and 227720?
40
Calculate the greatest common divisor of 140524377 and 189.
21
Calculate the highest common divisor of 10572 and 250585473.
2643
What is the highest common factor of 15229 and 2119547?
97
Calculate the greatest common divisor of 40258020 and 2640.
660
What is the highest common factor of 221980 and 6140?
20
What is the greatest common factor of 118387048 and 474266?
12818
Calculate the greatest common divisor of 362148 and 2295252.
1236
What is the highest common factor of 2820708 and 3305412?
6732
What is the greatest common factor of 5274 and 4896?
18
What is the highest common divisor of 4110 and 60645790?
1370
Calculate the highest common factor of 238824 and 265608.
2232
Calculate the greatest common factor of 38537 and 443825.
433
What is the greatest common factor of 287 and 10345571?
41
Calculate the greatest common factor of 2227807 and 704406.
703
Calculate the greatest common factor of 203416 and 80068.
2164
What is the highest common divisor of 20631 and 290628?
897
Calculate the greatest common factor of 11165 and 292485445.
1015
What is the greatest common divisor of 915371 and 28334?
457
Calculate the greatest common factor of 31339 and 81511.
37
Calculate the greatest common factor of 3 and 16181865.
3
Calculate the greatest common divisor of 45298098 and 2506.
358
Calculate the highest common divisor of 75068 and 216776.
196
Calculate the greatest common factor of 25 and 596875.
25
Calculate the greatest common divisor of 462806399 and 11.
11
What is the highest common divisor of 3258414 and 21082?
166
Calculate the greatest common divisor of 442 and 19440642.
26
Calculate the greatest common factor of 303510271 and 26115.
1741
What is the greatest common factor of 191790 and 317070?
90
What is the greatest common factor of 1260 and 133688940?
420
What is the greatest common factor of 21580232 and 8?
8
What is the greatest common divisor of 42 and 44622753?
21
Calculate the highest common factor of 2095930 and 8670.
170
Calculate the greatest common divisor of 48 and 1217493568.
16
What is the highest common factor of 11834816 and 416?
32
Calculate the greatest common divisor of 24 and 2920869792.
24
What is the greatest common divisor of 8 and 3333498?
2
Calculate the highest common factor of 37788 and 1906543156.
12596
What is the greatest common divisor of 255409440 and 176?
176
Calculate the greatest common divisor of 412125259 and 7358.
3679
Calculate the highest common divisor of 13545 and 182340.
45
What is the greatest common factor of 17767251 and 1314?
657
What is the highest common factor of 605881617 and 23?
23
Calculate the greatest common factor of 454890 and 239820.
30
What is the greatest common divisor of 253059 and 26331?
201
What is the greatest common divisor of 10920 and 1311492?
1092
Calculate the greatest common factor of 54419731 and 4328.
541
What is the highest common divisor of 387908 and 16926418?
5242
Calculate the highest common divisor of 4578328 and 775.
31
Calculate the highest common divisor of 2246796000 and 5004.
5004
What is the greatest common factor of 634044 and 9960?
12
What is the greatest common divisor of 34980062 and 11336?
2834
Calculate the highest common divisor of 13481865 and 642555.
5895
Calculate the greatest common divisor of 981760 and 5240.
40
Calculate the highest common divisor of 3325 and 245500.
25
What is the highest common divisor of 163 and 379?
1
What is the greatest common factor of 1527343 and 464?
29
What is the highest common factor of 9306 and 1102860?
198
Calculate the greatest common divisor of 151096 and 400180.
748
What is the highest common factor of 472 and 1370646936?
472
Calculate the greatest common divisor of 126953008 and 1.
1
Calculate the greatest common divisor of 24390 and 5978260.
2710
Calculate the highest common factor of 197582 and 71170.
22
Calculate the greatest common divisor of 2139 and 109322151.
2139
Calculate the highest common factor of 54423141 and 674.
337
Calculate the highest common divisor of 23655 and 120469935.
1245
What is the highest common divisor of 820157 and 18382?
13
Calculate the greatest common divisor of 1703776 and 512.
32
What is the greatest common factor of 18 and 78563658?
6
Calculate the highest common divisor of 3107340 and 566.
566
What is the greatest common divisor of 5297643 and 56889?
1161
What is the greatest 